erivative of 3*r**2 + 0 + 1/6*r**3 - 1/20*r**5 + 0*r**4 - 2*r. Calculate v(0).
6
Let j(a) = -a**2 + 13*a - 7. Suppose 0*w = -w + 4. Suppose 4*s + r - 37 = 13, -w*s + r = -46. Let h be j(s). Let g(v) = v - 3. Give g(h).
2
Let a(x) be the second derivative of -x**5/20 + x**4/2 - 7*x**3/6 + 7*x**2/2 - 2*x + 1. Suppose 0 = 3*f - 3*p + 1 - 19, 22 = 4*f - 2*p. Give a(f).
-3
Let h(s) = -s**2 + 17. Suppose 4*i = -4*a - 0*i - 76, 0 = -4*a - i - 76. Let o = -19 - a. Give h(o).
17
Let d(m) = m**3 - 10*m**2 + 9*m + 2. Let c be d(9). Let n(w) = -3 - 2*w + w + 9*w + 3*w**2 - 5*w**c. Determine n(5).
-13
Let g(j) = -j**3 - 5*j**2 - 5*j. Let t be ((-20)/(-1))/(10/(-20)). Let x be 1/2*t/5. Give g(x).
4
Let r(u) = 0 - 4 + u**3 + 2*u + 1 - u**2. Suppose 4*b + 2 = -3*t, 0 = -t + 5*b + 43 - 12. Suppose -2*a = -t*a + 8. Give r(a).
5
Let s(c) = -2 + 3 + 9 + c + 0 - c**2. Let a = -664 + 664. Give s(a).
10
Let k be -2 - 120/(4 + 1). Let x = -25 - k. Let j(p) = 4*p**2 + p - 1. What is j(x)?
4
Suppose -7*d = -2*d + 15. Let y(p) = -1 - 387*p**2 - 4*p + 189*p**2 + 197*p**2. What is y(d)?
2
Let n(d) = 5*d**2 + 11*d + 7. Let r(j) = 2*j**2 + 5*j + 4. Let y(c) = 3*n(c) - 7*r(c). Let p be y(-3). Let b(i) = p - 10 + 3 + i. Give b(0).
1
Let g(f) = f**2 + 10*f + 12. Let n be 876/(-48) + 9 + (-6)/8. What is g(n)?
12
Let i(s) = -22 - s + 2 + 3. Let y(w) = 2*w**3 - w**2 + 8*w + 17. Let x be y(-2). Let j be i(x). Let q(p) = -4*p + 3. Determine q(j).
-5
Let c(r) be the third derivative of r**4/12 + 4*r**2. Suppose 4*a + 3*f = -0*a + 34, a + 4*f - 2 = 0. Let s be (-20)/(-5)*a/8. Give c(s).
10
Let m(u) = 2*u + 5. Let r = 44 + -21. Let o = -27 + r. Determine m(o).
-3
Let b(w) be the first derivative of 1/6*w**3 + 1/24*w**4 - 5/2*w**2 - 3 + 0*w. Let a(r) be the second derivative of b(r). Give a(0).
1
Let j(v) = 2*v. Let p = 12 - 6. Suppose p*r - 2 = 5*r. Suppose -1 = r*n - 3*n. Determine j(n).
2
Let n(f) = -f**3 - 7*f**2 - 6*f + 1. Suppose 22*t + 83 + 27 = 0. Give n(t).
-19
Let f(a) = 5*a + 4. Let k(o) = -8*o - 9. Let p(i) = -5*f(i) - 3*k(i). Give p(8).
-1
Let q(y) = 23*y + 7. Let t(o) = -12*o - 4. Let w(a) = 3*q(a) + 5*t(a). Give w(-1).
-8
Let s be (-1 - 12/(-4)) + -4. Let a(x) = -2*x**3 - 3*x**2 - 2*x - 3. What is a(s)?
5
Let k(v) = 9*v + 1. Let j(f) = -f**3 + 29*f**2 + 30*f - 1. Let p be j(30). Calculate k(p).
-8
Let f be 1/(((-7)/(-6))/7). Let d(z) = -4*z - 1. Let h(s) = -4*s - 1. Let q(l) = f*h(l) - 5*d(l). Let x be 2/2 + (-24)/8 + 5. Determine q(x).
-13
Let y(t) = t + 7. Let h(u) = 3*u - 27. Let r be h(7). Give y(r).
1
Suppose 0 = -3*s + 6*s + 36. Let v be (-12)/2*s/(-18). Let h(l) = -l + 2. What is h(v)?
6
Suppose -36 = 350*h - 362*h. Let v(l) = 5*l**2 - 4*l + 4. What is v(h)?
37
Suppose -5*g + 5 - 10 = 0. Let t(b) = -2*b - 5. Let i be t(g). Let v(p) = -p**2 + 0*p + 0*p. Determine v(i).
-9
Let v(k) be the first derivative of -k**3/3 - 3*k**2/2 - 3*k + 22. Give v(-6).
-21
Let q(l) = l**3 - 4*l**2 - l - 5. Let j be 5 - 0/(-1)*(0 - 1). Give q(j).
15
Suppose 5*v = -2*m + 103, -2*v + 43 = 3*m + 4. Let w(k) = -18 - 11*k + v*k - 7*k - 4*k. What is w(-9)?
-9
Let t(n) be the second derivative of 0 + 24*n + 1/20*n**5 + 1/3*n**3 + 1/12*n**4 + 1/2*n**2. Give t(2).
17
Let y(f) = 6*f + 60. Let m(g) = g + 10. Let h(b) = -4*m(b) + y(b). What is h(-6)?
8
Suppose 5*i - 8 = i. Let u(k) be the first derivative of -10*k**i + 6*k**2 + 6 + 2*k + 6*k**2. Determine u(-3).
-10
Let z(q) = q**2 + 21*q + 31. Let h(t) = 5*t + 206. Let v be h(-45). Give z(v).
-7
Let j = -3 + 9. Let y(r) = 0*r + r - 39853 + 39847. Determine y(j).
0
Let x = -35 + 35. Suppose -4*i = -x - 16. Let q(l) = l - 2 - 3 + 0. Determine q(i).
-1
Suppose -n = -5*y + 8, -1 = -5*n + 4*y + 1. Let p(k) be the second derivative of -1/6*k**3 + k**2 + 0 + 15*k. Give p(n).
0
Suppose -q + 5 = -5*q + u, -2*q - 4*u = 16. Let t(g) = 3*g**3 - 6*g**2 + 4. Let i(d) = 7*d**3 - 12*d**2 - d + 7. Let r(s) = q*i(s) + 5*t(s). What is r(5)?
-9
Let c(w) = -w**2 + w + 2. Let j be ((-6)/8*-4)/1. Let m(h) = 2*h - 4*h**2 + h**3 + 0*h + 0*h**3 + 1. Let i be m(j). Give c(i).
-4
Let p(g) = -6*g**3 + g**2 - 7*g + 27. Let x(f) = 5*f**3 - 2*f**2 + 7*f - 25. Let l(s) = 4*p(s) + 5*x(s). Calculate l(5).
-7
Let s(x) = x**3 - 5*x**2 - 7*x + 9. Let g = 35 + -44. Let p(v) = v**3 + 9*v**2 + v + 15. Let r be p(g). What is s(r)?
3
Let q(m) = -24*m + 5*m**2 + 0*m - 12 - 2*m**2 + 15*m - 2*m**2. Determine q(11).
10
Let j(s) = -s**2 - 3*s + 3. Suppose -4*v - 7 = -23. Suppose v*g = -13 - 3. Determine j(g).
-1
Let g(z) = -z**3 - 4*z**2 - 4. Let s be (27/(-18))/(2/16). Suppose -x - 77 = 5*d, 3*x + 45 = -3*d + 6. Let u = d - s. Determine g(u).
-4
Let a be (-1)/(-3)*2*21. Let s = -6 + a. Let c(l) = -l + 2 - 6*l + l + l**2 - s. Determine c(6).
-6
Let v(s) = s - 4. Let h(o) = -19*o + 5. Let r(z) = -h(z) - v(z). Determine r(-1).
-19
Let b(f) = f**2 - 5*f - 2. Let g(q) be the first derivative of 13 + 14*q + 1/2*q**2. Let m be g(-10). Determine b(m).
-6
Suppose 2*s = -5*n + 30, 0 = 2*n + 3*n - s - 45. Let r(g) = -6*g**2 - 9*g**2 + 8*g**2 + 12 - 10*g - 1 + g**3. What is r(n)?
-5
Let f = 43 - 39. Let v(g) = 2 - g - 3 - 6 + f. Calculate v(-8).
5
Let y = 6 + -11. Let x(m) = 6*m - 6. Let i be x(y). Let b be (90/i)/(2/4). Let k(f) = f - 4. Determine k(b).
-9
Let o(n) = -3*n - 9. Let j(d) = -2*d - 9. Let f(s) = 4*j(s) - 3*o(s). Suppose -14 = -13*g + 15*g. What is f(g)?
-16
Suppose 3*h + 25*z = 20*z + 26, -5*h + 4*z + 31 = 0. Let x(u) = -u**3 + 8*u**2 - 8*u + 15. What is x(h)?
8
Let h(p) = -300 - p**2 + 152 + 148. Suppose -5*x - 5 = -0*x, -2*x - 12 = -2*q. What is h(q)?
-25
Let o(b) = 2*b - 1. Let h be o(1). Let g(k) be the second derivative of k**4/2 - k**3/6 + k**2/2 + 99*k - 2. Determine g(h).
6
Suppose 0 + 16 = 4*k. Let u = 5 - 3. Let t(j) = -8*j**2 + j**3 - 2*j + 5 - 2*j**u + 6*j**2. Determine t(k).
-3
Let i = -6 - 59. Let t = i - -68. Let m(d) = -d**2 - 3*d - 2. Give m(t).
-20
Suppose -5*n + 12 = -48. Let m = -820 - -829. Let b = m - n. Let y(x) = -3*x - 3. What is y(b)?
6
Let r(a) = 4*a**3 - 8*a**3 + a**3 + 2*a**3 - 9*a**2. Suppose -3*j = -5*i + 27, 24 = -3*j - 4*i - 3. Give r(j).
0
Let i(l) = l**2 - 4*l - 3. Let b be (-1)/12*-4*12. Let t be b - (-2 - (-6 + -2)). What is i(t)?
9
Let p(a) be the second derivative of a**4/6 + 5*a**2/2 + 40*a. Let q(g) be the first derivative of p(g). Give q(6).
24
Suppose 5*a - 5 = -2*i, -25 = -5*a + 5*i - 3*i. Let j(r) = -r**3 + 11*r**2 + 7. Let p be j(11). Let l(f) = 5*f + 4 - 2*f**2 - p + 1. Calculate l(a).
-5
Let w(a) = -2*a - 14. Let h(p) = p + 8. Let k(n) = -5*h(n) - 2*w(n). Calculate k(-12).
0
Let p(j) be the second derivative of j**5/20 - 13*j**4/12 - 5*j**3/2 + 15*j**2/2 - 24*j - 2. Calculate p(14).
1
Let p(z) = -z. Let j(t) = t**3 + 12*t**2 + 11*t. Let n = 1 + 4. Suppose -52 = n*w + v, -2*w - 3*v = -6*w - 53. Let i be j(w). Determine p(i).
0
Let l(w) = w**2 - w**3 + 5 + 6*w - 5*w**2 - 6 + 3. Let m be l(-5). Let d(t) = -4*t - 3. Let p(j) = 11*j + 10. Let i(s) = -8*d(s) - 3*p(s). Determine i(m).
-3
Let v be (2 + -6 + 2)/(12/(-186)). Let p = 39 - v. Let t(l) = -l**3 + 9*l**2 - 8*l - 5. Calculate t(p).
-5
Let d(x) = -x**3 + 14*x**2 + 2*x - 22. Let g = -842 - -856. What is d(g)?
6
Let w(u) = -u**2 - 4*u - 6. Suppose -4*t = -50 - 86. Let g = 29 - t. What is w(g)?
-11
Suppose l + i = 4, 2*l - 38 = -3*l + 4*i. Let b(o) be the first derivative of o**2 + o + 4. Let q(n) = -4*n - 2. Let t(z) = -13*b(z) - 6*q(z). Determine t(l).
-13
Let b(x) = x**2 - 1. Suppose -21*f + 280 - 238 = 0. Give b(f).
3
Let z(i) be the first derivative of 14*i**3/3 + i**2/2 + 7. What is z(1)?
15
Let r be (6/4)/(15/20). Let a be 1 - (3 - r - 2). Let y(c) = -2 - 6*c**a - c**3 + 10 + 0*c**2. Determine y(-6).
8
Suppose 0 - 7 = 3*b + 2*q, -4*q - 23 = -3*b. Let g be 11/(-44) + (-2)/(-8). Let r(d) = g*d + 3*d + 2*d. Determine r(b).
5
Let p be (-3 - -4)/1 - 13. Let a be 1/((-3)/(p + -3)). Let j(z) = z**2 - 4*z - 4. Give j(a).
1
Let x(z) = 10*z - 1 + z**2 + 0 + 9. Calculate x(-6).
-16
Let h(l) = 3*l**3 + 12*l**2 - 4*l - 35. Let g(w) = w**3 + 4*w**2 - w - 12. Let b(c) = -17*g(c) + 6*h(c). Let z = 8 + -5. Suppose 0 = z*f - 1 + 16. What is b(f)?
4
Let w(o) = -o**3 + 2*o**2 + o + 2. Let u be w(0). Suppose -2*f - 2 = 2*v, 8 = -u*v - 0*v + f. Let s(n) = n**3 + 5*n**2 + 3*n. Give s(v).
9
Let p(h) = -h**2 